)/(1638/826 + -2).
173
Suppose -2*b = 8 - 2. Let m = 33 + b. Calculate the remainder when (-6416)/(-36) + 2/(-9) is divided by m.
28
Let h(t) = t**3 - 4*t**2 - 8*t + 21. Let s be h(4). What is the remainder when s/(-66) - 2553/(-18) is divided by 11?
10
Suppose 2*w - 6 - 8 = -5*x, -2*x - 5*w = -14. Suppose -g + 43 = 2*g + 4*t, -3*g + x*t + 37 = 0. Calculate the remainder when 38 is divided by g.
12
Let y(x) = -2*x - 20. Let d be y(-11). Suppose 0*l = -d*l + 36. Let n = 1053 + -1046. Calculate the remainder when l is divided by n.
4
Suppose -5*d = -3076 + 1999 - 4293. What is the remainder when d is divided by 180?
174
Suppose -3*k + 289 - 22 = 0. Let a be ((-108)/135)/((-2)/615*-3). Let b = a + k. What is the remainder when 45 is divided by b?
3
Suppose 98*d - 22611 = 3113 + 4460. Calculate the remainder when 908 is divided by d.
292
Suppose 0 = -4*g + 5*a + 42, -19*g + 3*a = -14*g - 72. Calculate the remainder when 311 is divided by g.
5
Let f = 3344 + -3189. Calculate the remainder when f is divided by 10.
5
Let c = 26 + -16. Let r = -84 - -92. Suppose 2*y + 10 = 0, -3*x + 4*y + r = -27. Calculate the remainder when c is divided by x.
0
Let r(i) = -7*i + 28. Let n be r(3). Let k(h) = 9*h + 6*h**2 + 3*h**3 + 3*h - 23 - 3*h**3 - h**3. Calculate the remainder when 47 is divided by k(n).
11
Let q = -193 + 460. Let w(h) = h**3 + 18*h**2 + 53*h + 4. Calculate the remainder when q is divided by w(-4).
11
Suppose -5*f + 2*p + 970 = 0, 62*f - 8*p = 59*f + 548. Suppose 0 = 2*t + 14 - 80. Calculate the remainder when f is divided by t.
31
Suppose 0 = 2*k + 3 + 1. Calculate the remainder when (1/k)/(1/(-222)) is divided by 23.
19
Let m(s) = -159*s - 12. Let n be m(-5). Suppose d - 44 + n = 4*g, -2*d = g - 187. Let h = 83 + -20. What is the remainder when g is divided by h?
59
Let p(s) = 22*s**2 - 1. Let n = -13911 + 13921. Calculate the remainder when p(-1) is divided by n.
1
What is the remainder when (-755)/(-15) - 15/(-9) - (2 - 0) is divided by 35?
15
Let o be 1/((-5)/1380*-3). Suppose -3*z = 3*b - 138, 4*b - 2*z = 98 + o. Let q = 26 - 14. What is the remainder when b is divided by q?
11
Let v(f) = f**2 + 21*f - 557. Let y = -286 - -76. Let w = -73 - y. Calculate the remainder when w is divided by v(-37).
32
Let a(k) = k**3 - 7*k. What is the remainder when 1724 is divided by a(3)?
2
Suppose -a + 3000 = 4*f, -2*a = 58 - 66. Suppose 24*w - f = -77. Let s = 41 - 23. What is the remainder when w is divided by s?
10
Let g(x) = -x**2 - 18*x - 18. Let t be g(-20). Let c be -6*6/(-36) - (0 + t). Let r = 83 - c. Calculate the remainder when 115 is divided by r.
19
Let c = -53 + 62. Let r(v) = 2*v**2 - 17*v - 7. Let d be r(c). Suppose -2*m + 26 = 2*l + d*m, -47 = -3*l - 2*m. Calculate the remainder when 84 is divided by l.
16
Suppose -5*t = 57*m - 61*m - 5851, -5*t + 5881 = m. Calculate the remainder when t is divided by 91.
83
Suppose 2*g = -0*l + 4*l, -3*g - 3*l + 18 = 0. Suppose -g*y - 451 = -y - 4*f, -4*y = 2*f + 594. Let n = -51 - y. What is the remainder when n is divided by 25?
23
Let u(s) = -2*s + 40. Let f be u(20). Suppose 10*g - 9*g - 95 = f. Suppose 0 = -17*o + 94 + 314. What is the remainder when g is divided by o?
23
Let j(b) = -b + 18. Let r be j(13). Suppose 2*c + 2*h + 9 = r*c, 3*h - 29 = -4*c. Let y = c + 89. Calculate the remainder when y is divided by 16.
14
Let r = -4045 + 4069. What is the remainder when 311 is divided by r?
23
Suppose 5*t - f + 52 = t, -2*t + 4*f - 40 = 0. Let d(w) = -24 + w**2 + 2*w**2 - 10*w - 8*w - 4*w**2. What is the remainder when d(t) is divided by 17?
14
Let g(n) = 8*n**2 + 4*n + 5. Let r be g(-2). Suppose 0 = -r*o + 15*o + 3346. What is the remainder when o is divided by 22?
19
Suppose 5*s - z - 6 = 0, -3*z - 8 = -3*s + 2*z. Suppose -17 = -6*k + s. Suppose -y - k*y = -292. Calculate the remainder when y is divided by 38.
35
Suppose -123*j - 1204 = -130*j. What is the remainder when 198 is divided by j?
26
Suppose 11*j - 8*j = -2*c + 964, 2*j + 2*c - 642 = 0. What is the remainder when j is divided by 75?
22
Suppose -1108 = -5*s + 12*c, 2*s - 49*c + 45*c = 440. Calculate the remainder when 756 is divided by s.
120
Suppose 0 = 4*d + 16, 3*q + 4*d - 83 - 120 = 0. Let l = q - -98. Calculate the remainder when l is divided by 20.
11
What is the remainder when (164/(-6))/(11/(165/(-2))) is divided by 97?
11
Let j be 2991/15 - 4/((-40)/6). Let p = j - 175. Calculate the remainder when 42 is divided by p.
17
Let o = -450 - -453. Suppose o*r - 1 - 23 = -4*q, 4 = -2*r + 4*q. Suppose -5*x - 12 = -47. Calculate the remainder when x is divided by r.
3
Let l(b) = 61*b + 76. Let t = 33 + -44. Let n(g) = 12*g + 15. Let y(q) = t*n(q) + 2*l(q). Calculate the remainder when y(-6) is divided by 16.
15
Let c be (-20)/(-11) + 48/264. What is the remainder when 66 is divided by (10/10)/(c/34)?
15
Suppose 2*b + 5*h = 68, 2*b = -3*b - 2*h + 149. What is the remainder when 114 is divided by b?
27
Let q = -545 - -553. Suppose 74 + 86 = q*d. Calculate the remainder when 45 is divided by d.
5
Suppose -70*n + 153490 + 14280 = 25*n. Calculate the remainder when n is divided by 221.
219
Suppose -5*j = 3*k - 1378, -2*j - 5*k + 377 = -159. Calculate the remainder when 844 is divided by j.
10
Suppose -12*y + 8*y + 16 = 0. Suppose y = -4*c + 32. Calculate the remainder when (c - -9) + 0 + -3 is divided by 8.
5
Let t(f) = -f**3 + 9*f**2 - 19*f - 14. What is the remainder when t(-9) is divided by 49?
47
Let l be ((-1022)/(-4))/((-11)/(-22)). Let d = l - 450. What is the remainder when 62 is divided by d?
1
Let m = -121 - -117. Let z(t) = -23*t - 61. Suppose 3*l - 2*f = 190, f + 125 = 2*l - 0*l. What is the remainder when l is divided by z(m)?
29
Let y = -550 - -971. What is the remainder when y is divided by 34?
13
Suppose -2*s - 1918 = -5*u, 8*s - 380 = -u + 12*s. Let p = u + -315. What is the remainder when p is divided by 14?
13
Suppose 0 = 745*g - 719*g - 421 + 24 - 19. What is the remainder when g is divided by (-31)/(-3) + (-2)/(-3)?
5
Let u be 5/525*1141 - (-4)/30. Suppose 4*j = 3*c + 410, -6*j = -u*j - 5*c + 530. Calculate the remainder when j is divided by 15.
14
Suppose 4*z + 11*z = 195. Calculate the remainder when ((-50)/8)/(5/(-20)) is divided by z.
12
Calculate the remainder when 1008 is divided by (-2 + 27/21)/((-510)/(-105) + -5).
3
Suppose 0 = -9*f + 10*f - 4. What is the remainder when 6 + 1 - 3 - (-136 + f) is divided by 20?
16
Let j(w) = 37*w**2 - 1. Let x = 9 + -8. Let t(r) = r**2 + 42*r + 527. What is the remainder when t(-17) is divided by j(x)?
30
Let h(x) = -47*x + 1. Let r(p) = -6*p**2 - 448*p - 1673. What is the remainder when h(-1) is divided by r(-4)?
2
Let z = 44116 - 44037. Suppose -r = -31 - 124. What is the remainder when r is divided by z?
76
Let n = -3297 + 3345. What is the remainder when n is divided by 207/45 - (-4)/10?
3
Let g = 14984 + -14752. What is the remainder when 1178 is divided by g?
18
Let j(d) = d**3 - 33*d**2 + 63*d + 81. Calculate the remainder when 2119 is divided by j(31).
103
Suppose -12*a = -32*a + 148 + 732. Calculate the remainder when a is divided by 11.
0
Let n(y) = -43*y - 20. Let g be n(-21). Suppose 3*k + i = 1926, i + g = 4*k - 1685. Calculate the remainder when k is divided by 43.
40
Suppose -224*g - 242656 + 2212512 = 0. Calculate the remainder when g is divided by 25.
19
Suppose 44*q - 65*q + 36*q = 270. Calculate the remainder when 628 is divided by q.
16
Let w = 18409 + -13216. Calculate the remainder when w is divided by 65.
58
Let g(t) = 15*t - 114 - 150 + 46 + 34. Calculate the remainder when g(16) is divided by 18.
2
Calculate the remainder when 147 is divided by (-12 - -15)*-1 + 423/3.
9
What is the remainder when 101 is divided by -16 - 88/(-11) - -81?
28
What is the remainder when 400 is divided by ((-399)/76*1)/((-6)/64)?
8
Let v(w) = w**2 - 11*w - 4. Let j be v(0). Calculate the remainder when (j/5)/((-38)/1995) is divided by 22.
20
Let u(t) = t**3 + 4*t**2 - 4*t - 17. Let i be u(-3). Calculate the remainder when 3 is divided by (-20)/(-30)*i/8*3.
0
Suppose 73 = -5*y - 97. Let m = y - -38. Calculate the remainder when ((2 - 3)/(-1))/((-19)/(-228)) is divided by m.
0
Let d(c) = 5*c**3 - 52*c**2 - 37*c + 49. What is the remainder when 4139 is divided by d(11)?
4
Calcul